 prime factors of 16971782.
2, 8485891
List the prime factors of 9793792.
2, 67, 571
What are the prime factors of 89749270?
2, 5, 13, 233, 2963
List the prime factors of 5422780577.
5422780577
What are the prime factors of 954093752?
2, 1511, 78929
What are the prime factors of 4393202185?
5, 233, 3770989
List the prime factors of 182961165.
3, 5, 19, 641969
What are the prime factors of 24782387?
7, 505763
What are the prime factors of 2188651657?
109, 20079373
List the prime factors of 1966668005.
5, 393333601
What are the prime factors of 125842539?
3, 41947513
What are the prime factors of 155932213?
1103, 141371
List the prime factors of 873877542.
2, 3, 10993, 13249
List the prime factors of 123309662.
2, 7, 1031, 8543
List the prime factors of 70776255.
3, 5, 11, 31, 101, 137
What are the prime factors of 101651237?
23, 151, 29269
What are the prime factors of 356439850?
2, 5, 13, 17, 32257
List the prime factors of 44317269.
3, 41, 83, 1447
What are the prime factors of 1422948201?
3, 14629, 32423
List the prime factors of 22333483.
23, 971021
List the prime factors of 428418771.
3, 11, 47, 25111
What are the prime factors of 651311724?
2, 3, 7, 229, 691
List the prime factors of 9979481.
89, 112129
List the prime factors of 61420989.
3, 7, 547, 5347
What are the prime factors of 287724833?
11, 26156803
List the prime factors of 49762343.
317, 156979
List the prime factors of 22871094.
2, 3, 761, 5009
What are the prime factors of 5296536?
2, 3, 7, 31, 113
List the prime factors of 173005804.
2, 17, 103, 1453
What are the prime factors of 148675442?
2, 31, 2397991
What are the prime factors of 974055375?
3, 5, 17, 5659
List the prime factors of 118502271.
3, 907, 1613
What are the prime factors of 836535706?
2, 233, 1795141
List the prime factors of 275582027.
7, 71, 113, 701
List the prime factors of 179795964.
2, 3, 313, 47869
List the prime factors of 5611388.
2, 1402847
What are the prime factors of 330694795?
5, 17, 3890527
List the prime factors of 570144445.
5, 13, 1259, 6967
What are the prime factors of 510049930?
2, 5, 13, 1951, 2011
What are the prime factors of 1049339422?
2, 29, 18092059
What are the prime factors of 3834344275?
5, 31, 157, 31513
List the prime factors of 2205007866.
2, 3, 29, 31, 53, 857
What are the prime factors of 74415926?
2, 13, 89, 32159
List the prime factors of 4473831024.
2, 3, 13, 37, 64591
List the prime factors of 625447641.
3, 7, 13, 2291017
List the prime factors of 40579746.
2, 3, 233, 29027
List the prime factors of 1497553017.
3, 499184339
List the prime factors of 1644172421.
1644172421
What are the prime factors of 497137913?
4217, 117889
What are the prime factors of 134290276?
2, 17, 239, 8263
List the prime factors of 5089407776.
2, 17, 101, 211, 439
What are the prime factors of 58863307?
709, 83023
List the prime factors of 699132480.
2, 3, 5, 17, 42839
What are the prime factors of 1776589235?
5, 157, 2263171
List the prime factors of 94662314.
2, 59, 13597
What are the prime factors of 45971396?
2, 3253, 3533
What are the prime factors of 468288162?
2, 3, 8672003
List the prime factors of 1367387701.
1367387701
What are the prime factors of 42184758?
2, 3, 7, 11, 91309
List the prime factors of 318537306.
2, 3, 5898839
List the prime factors of 5169583.
5169583
What are the prime factors of 56158879?
7, 83, 163, 593
List the prime factors of 36526927.
36526927
What are the prime factors of 805094535?
3, 5, 7, 7667567
What are the prime factors of 181364144?
2, 13, 29, 107, 281
List the prime factors of 41182436.
2, 29, 89, 3989
What are the prime factors of 4951509468?
2, 3, 467, 857, 1031
What are the prime factors of 78151699?
41, 1906139
What are the prime factors of 32269586?
2, 16134793
List the prime factors of 29212674.
2, 3, 4868779
What are the prime factors of 570861737?
41, 13923457
List the prime factors of 209661729.
3, 5413, 12911
What are the prime factors of 51600087?
3, 7, 11, 967
List the prime factors of 146270647.
193, 757879
List the prime factors of 53073055.
5, 7, 149, 10177
What are the prime factors of 622009992?
2, 3, 19, 347, 3931
What are the prime factors of 5367427844?
2, 23, 58341607
List the prime factors of 404878739.
349, 1160111
List the prime factors of 490834829.
17, 28872637
List the prime factors of 553579493.
31, 17857403
What are the prime factors of 364862489?
3217, 113417
List the prime factors of 990388522.
2, 495194261
List the prime factors of 5156580009.
3, 7, 245551429
What are the prime factors of 95152212?
2, 3, 71, 12409
What are the prime factors of 722473093?
722473093
What are the prime factors of 39276924?
2, 3, 61, 53657
What are the prime factors of 1179397480?
2, 5, 31, 347, 2741
List the prime factors of 1843384740.
2, 3, 5, 2213, 13883
What are the prime factors of 3712209271?
3712209271
List the prime factors of 186434813.
2239, 83267
What are the prime factors of 118413433?
118413433
What are the prime factors of 37335572?
2, 9333893
What are the prime factors of 219487905?
3, 5, 7, 13, 19, 31
What are the prime factors of 67129618?
2, 37, 79, 11483
What are the prime factors of 5060699418?
2, 3, 8719, 96737
What are the prime factors of 2569540354?
2, 19, 67619483
What are the prime factors of 59314049?
53, 131, 8543
List the prime factors of 114635630.
2, 5, 521, 22003
List the prime factors of 43980249.
3, 41, 357563
What are the prime factors of 1315693519?
7, 139, 1352203
What are the prime factors of 2030440489?
7, 11, 457, 8243
What are the prime factors of 36725660?
2, 5, 61, 30103
What are the prime factors of 300270650?
2, 5, 31, 193723
What are the prime factors of 8704271?
1187, 7333
What are the prime factors of 5612726172?
2, 3, 151, 3097531
What are the prime factors of 756028593?
3, 569, 49211
What are the prime factors of 471318456?
2, 3, 7, 179, 2239
What are the prime factors of 14892658?
2, 11, 163, 4153
What are the prime factors of 738697663?
11, 3011, 22303
What are the prime factors of 100001697?
3, 33333899
What are the prime factors of 1169324298?
2, 3, 64962461
List the prime factors of 120030997.
23, 37, 47, 3001
List the prime factors of 1063039350.
2, 3, 5, 7086929
List the prime factors of 566085720.
2, 3, 5, 17, 277493
List the prime factors of 915813063.
3, 11, 840967
What are the prime factors of 571509868?
2, 269, 531143
What are the prime factors of 18916607?
47, 277, 1453
What are the prime factors of 1849388608?
2, 28896697
List the prime factors of 2517661854.
2, 3, 29, 181, 26647
What are the prime factors of 1403251038?
2, 3, 7, 727, 15319
List the prime factors of 4564572957.
3, 7, 229, 316391
What are the prime factors of 36895400?
2, 5, 184477
List the prime factors of 656280494.
2, 10303, 31849
What are the prime factors of 124474133?
7, 113, 157363
List the prime factors of 123173424.
2, 3, 11, 77761
List the prime factors of 6960110.
2, 5, 457, 1523
List the prime factors of 7282797566.
2, 11, 331036253
What are the prime factors of 3989710?
2, 5, 37, 41, 263
List the prime factors of 986381767.
7, 73, 1930297
List the prime factors of 2666075202.
2, 3, 7, 20563
List the prime factors of 1271760761.
8017, 158633
What are the prime factors of 194222068?
2, 31, 1566307
What are the prime factors of 625668458?
2, 9967, 31387
List the prime factors of 221996435.
5, 191, 232457
List the prime factors of 123578324.
2, 3169, 9749
What are the prime factors of 14509497?
3, 911, 5309
List the prime factors of 51783567.
3, 11, 43, 36493
What are the prime factors of 2021574295?
5, 13, 17, 1829479
What are the prime factors of 167514092?
2, 29, 1444087
List the prime factors of 538682162.
2, 17, 15843593
List the prime factors of 576807540.
2, 3, 5, 9613459
List the prime factors of 178961905.
5, 379, 94439
What are the prime factors of 3236244613?
7, 462320659
What are the prime factors of 2901265532?
2, 11, 65937853
What are the prime factors of 299051730?
2, 3, 5, 31, 35729
What are the prime factors of 46680859?
59, 791201
List the prime factors of 297327082.
2, 13, 29, 83, 4751
List the prime factors of 678968935.
5, 6311, 21517
What are the prime factors of 2790557743?
47, 59373569
List the prime factors of 1601619.
3, 37, 47, 307
List the prime factors of 79263867.
3, 26